{"id":2083,"date":"2023-10-07T13:14:27","date_gmt":"2023-10-07T13:14:27","guid":{"rendered":"https:\/\/ragnhildclodpedersen.dk\/?page_id=2083"},"modified":"2025-12-11T16:10:28","modified_gmt":"2025-12-11T16:10:28","slug":"foredrag","status":"publish","type":"page","link":"https:\/\/ragnhildclodpedersen.dk\/index.php\/foredrag\/","title":{"rendered":"Foredrag"},"content":{"rendered":"\t\t<div data-elementor-type=\"wp-page\" data-elementor-id=\"2083\" class=\"elementor elementor-2083\">\n\t\t\t\t<div class=\"elementor-element elementor-element-43175c1 e-flex e-con-boxed e-con e-parent\" data-id=\"43175c1\" data-element_type=\"container\">\n\t\t\t\t\t<div class=\"e-con-inner\">\n\t\t<div class=\"elementor-element elementor-element-7798815 e-con-full e-flex e-con e-child\" data-id=\"7798815\" data-element_type=\"container\">\n\t\t\t\t<div class=\"elementor-element elementor-element-7432e3b elementor-widget elementor-widget-heading\" data-id=\"7432e3b\" data-element_type=\"widget\" data-widget_type=\"heading.default\">\n\t\t\t\t<div class=\"elementor-widget-container\">\n\t\t\t<style>\/*! elementor - v3.22.0 - 24-06-2024 *\/\n.elementor-heading-title{padding:0;margin:0;line-height:1}.elementor-widget-heading .elementor-heading-title[class*=elementor-size-]>a{color:inherit;font-size:inherit;line-height:inherit}.elementor-widget-heading .elementor-heading-title.elementor-size-small{font-size:15px}.elementor-widget-heading .elementor-heading-title.elementor-size-medium{font-size:19px}.elementor-widget-heading .elementor-heading-title.elementor-size-large{font-size:29px}.elementor-widget-heading .elementor-heading-title.elementor-size-xl{font-size:39px}.elementor-widget-heading .elementor-heading-title.elementor-size-xxl{font-size:59px}<\/style><h2 class=\"elementor-heading-title elementor-size-default\">Da dyrene blev d\u00f8mt<\/h2>\t\t<\/div>\n\t\t\t\t<\/div>\n\t\t\t\t<div class=\"elementor-element elementor-element-39ba5f0 elementor-widget elementor-widget-heading\" data-id=\"39ba5f0\" data-element_type=\"widget\" data-widget_type=\"heading.default\">\n\t\t\t\t<div class=\"elementor-widget-container\">\n\t\t\t<h2 class=\"elementor-heading-title elementor-size-default\">- Et fort\u00e6lle-foredrag om retssager mod dyr, 1250 - 1850<\/h2>\t\t<\/div>\n\t\t\t\t<\/div>\n\t\t\t\t<div class=\"elementor-element elementor-element-9347874 elementor-widget__width-initial elementor-widget elementor-widget-text-editor\" data-id=\"9347874\" data-element_type=\"widget\" data-widget_type=\"text-editor.default\">\n\t\t\t\t<div class=\"elementor-widget-container\">\n\t\t\t<style>\/*! elementor - v3.22.0 - 24-06-2024 *\/\n.elementor-widget-text-editor.elementor-drop-cap-view-stacked .elementor-drop-cap{background-color:#69727d;color:#fff}.elementor-widget-text-editor.elementor-drop-cap-view-framed .elementor-drop-cap{color:#69727d;border:3px solid;background-color:transparent}.elementor-widget-text-editor:not(.elementor-drop-cap-view-default) .elementor-drop-cap{margin-top:8px}.elementor-widget-text-editor:not(.elementor-drop-cap-view-default) .elementor-drop-cap-letter{width:1em;height:1em}.elementor-widget-text-editor .elementor-drop-cap{float:left;text-align:center;line-height:1;font-size:50px}.elementor-widget-text-editor .elementor-drop-cap-letter{display:inline-block}<\/style>\t\t\t\t<p><strong>Foredragets indhold<\/strong><\/p><p>Rotter, mus og mosegrise terroriserede markerne ved landsbyen Als og gnaskede l\u00f8s af afgr\u00f8derne. Folk var fortvivlede. Nu var dyrene blevet indkaldt for retten. Om otte dage, alts\u00e5 den 19. august, 1711, skulle de m\u00f8de op ved byst\u00e6vnet, h\u00f8re anklagen og forsvare sig. Derefter ville dommen blive givet.\u00a0<\/p><p>Inspirationen kom fra Midteuropa, hvor der i flere hundrede \u00e5r j\u00e6vnligt blev f\u00f8rt retssager mod dyr. Grise blev anklaget for mord og h\u00e6ngt i galger. Skadedyr fik en forsvarsadvokat og blev truet med bandlysning &#8211; alts\u00e5 at blive smidt ud af kirken. I Danmark kunne man indkalde dyrene ved at l\u00e6se st\u00e6vningen h\u00f8jt fra g\u00e5rdene eller l\u00e6gge sm\u00e5 papirer med den ned i rottehullerne.\u00a0<\/p><p>I dette fort\u00e6lle-foredrag dykker vi ned i, hvad logikken bag retssagerne var. For at forst\u00e5 dem m\u00e5 man s\u00e6tte sig ind i en anden tids juridiske logik, teologiske verdensbillede og mentale forhold til dyr.<\/p><p>\u00a0<\/p><p><strong>Hvad er et fort\u00e6lleforedrag?<\/strong><\/p><p>Solid historisk viden krydres med f\u00e6ngende fort\u00e6llekunst! Ragnhild Clod Pedersen er uddannet historiker og optr\u00e6der som historiefort\u00e6ller. I foredraget kombinerer hun sin historiske viden med fort\u00e6llinger dannet p\u00e5 baggrund af kildematerialet.\u00a0<\/p><p>\u00a0<\/p><p><strong>Om foredragsholderen<\/strong><\/p><p><em>Ragnhild Clod Pedersen<\/em><\/p><ul><li>Uddannet historiker og arbejder som museumsinspekt\u00f8r.<\/li><li>Optr\u00e6der som historiefort\u00e6ller ved teateret BestTellers og mange andre steder.<\/li><li>Har arbejdet med fort\u00e6lling som formidling p\u00e5 Nationalmuseet i seks \u00e5r.<\/li><li>Skrev speciale om retssager mod dyr.<\/li><\/ul><p><strong>Pris og kontakt<\/strong><\/p><p>Varighed: 1,5 time &#8211; eller hvad der passer til jeres format.<\/p><p>Pris: 3.500 kr +\u00a0 transport (fra K\u00f8benhavn)<\/p><p>Kontakt: ragnhildclodpedersen@outlook.dk \/\/ tlf. 40544826<\/p>\t\t\t\t\t\t<\/div>\n\t\t\t\t<\/div>\n\t\t\t\t<\/div>\n\t\t<div class=\"elementor-element elementor-element-3f694e1 e-con-full e-flex e-con e-child\" data-id=\"3f694e1\" data-element_type=\"container\">\n\t\t\t\t<div class=\"elementor-element elementor-element-d4c2d29 elementor-widget__width-initial elementor-widget elementor-widget-image\" data-id=\"d4c2d29\" data-element_type=\"widget\" data-widget_type=\"image.default\">\n\t\t\t\t<div class=\"elementor-widget-container\">\n\t\t\t<style>\/*! elementor - v3.22.0 - 24-06-2024 *\/\n.elementor-widget-image{text-align:center}.elementor-widget-image a{display:inline-block}.elementor-widget-image a img[src$=\".svg\"]{width:48px}.elementor-widget-image img{vertical-align:middle;display:inline-block}<\/style>\t\t\t\t\t\t\t<figure class=\"wp-caption\">\n\t\t\t\t\t\t\t\t\t\t<img fetchpriority=\"high\" decoding=\"async\" width=\"683\" height=\"1024\" src=\"https:\/\/ragnhildclodpedersen.dk\/wp-content\/uploads\/2023\/10\/Mus-683x1024.jpg\" class=\"attachment-large size-large wp-image-2085\" alt=\"\" srcset=\"https:\/\/ragnhildclodpedersen.dk\/wp-content\/uploads\/2023\/10\/Mus-683x1024.jpg 683w, https:\/\/ragnhildclodpedersen.dk\/wp-content\/uploads\/2023\/10\/Mus-200x300.jpg 200w, https:\/\/ragnhildclodpedersen.dk\/wp-content\/uploads\/2023\/10\/Mus-768x1152.jpg 768w, https:\/\/ragnhildclodpedersen.dk\/wp-content\/uploads\/2023\/10\/Mus-1024x1536.jpg 1024w, https:\/\/ragnhildclodpedersen.dk\/wp-content\/uploads\/2023\/10\/Mus-1365x2048.jpg 1365w, https:\/\/ragnhildclodpedersen.dk\/wp-content\/uploads\/2023\/10\/Mus-scaled.jpg 1707w\" sizes=\"(max-width: 683px) 100vw, 683px\" \/>\t\t\t\t\t\t\t\t\t\t\t<figcaption class=\"widget-image-caption wp-caption-text\">Photo by Colin Davis<\/figcaption>\n\t\t\t\t\t\t\t\t\t\t<\/figure>\n\t\t\t\t\t\t\t<\/div>\n\t\t\t\t<\/div>\n\t\t\t\t<\/div>\n\t\t\t\t\t<\/div>\n\t\t\t\t<\/div>\n\t\t\t\t<\/div>\n\t\t","protected":false},"excerpt":{"rendered":"<p>Da dyrene blev d\u00f8mt &#8211; Et fort\u00e6lle-foredrag om retssager mod dyr, 1250 &#8211; 1850 Foredragets indhold Rotter, mus og mosegrise terroriserede markerne ved landsbyen Als og gnaskede l\u00f8s af afgr\u00f8derne. Folk var fortvivlede. Nu var dyrene blevet indkaldt for retten. Om otte dage, alts\u00e5 den 19. august, 1711, skulle de m\u00f8de op ved byst\u00e6vnet, h\u00f8re [&hellip;]<\/p>\n","protected":false},"author":1,"featured_media":0,"parent":0,"menu_order":0,"comment_status":"closed","ping_status":"closed","template":"","meta":{"site-sidebar-layout":"no-sidebar","site-content-layout":"page-builder","ast-site-content-layout":"full-width-container","site-content-style":"default","site-sidebar-style":"default","ast-global-header-display":"","ast-banner-title-visibility":"","ast-main-header-display":"","ast-hfb-above-header-display":"","ast-hfb-below-header-display":"","ast-hfb-mobile-header-display":"","site-post-title":"disabled","ast-breadcrumbs-content":"","ast-featured-img":"disabled","footer-sml-layout":"","theme-transparent-header-meta":"","adv-header-id-meta":"","stick-header-meta":"","header-above-stick-meta":"","header-main-stick-meta":"","header-below-stick-meta":"","astra-migrate-meta-layouts":"set","ast-page-background-enabled":"default","ast-page-background-meta":{"desktop":{"background-color":"var(--ast-global-color-4)","background-image":"","background-repeat":"repeat","background-position":"center center","background-size":"auto","background-attachment":"scroll","background-type":"","background-media":"","overlay-type":"","overlay-color":"","overlay-opacity":"","overlay-gradient":""},"tablet":{"background-color":"","background-image":"","background-repeat":"repeat","background-position":"center center","background-size":"auto","background-attachment":"scroll","background-type":"","background-media":"","overlay-type":"","overlay-color":"","overlay-opacity":"","overlay-gradient":""},"mobile":{"background-color":"","background-image":"","background-repeat":"repeat","background-position":"center center","background-size":"auto","background-attachment":"scroll","background-type":"","background-media":"","overlay-type":"","overlay-color":"","overlay-opacity":"","overlay-gradient":""}},"ast-content-background-meta":{"desktop":{"background-color":"var(--ast-global-color-5)","background-image":"","background-repeat":"repeat","background-position":"center center","background-size":"auto","background-attachment":"scroll","background-type":"","background-media":"","overlay-type":"","overlay-color":"","overlay-opacity":"","overlay-gradient":""},"tablet":{"background-color":"var(--ast-global-color-5)","background-image":"","background-repeat":"repeat","background-position":"center center","background-size":"auto","background-attachment":"scroll","background-type":"","background-media":"","overlay-type":"","overlay-color":"","overlay-opacity":"","overlay-gradient":""},"mobile":{"background-color":"var(--ast-global-color-5)","background-image":"","background-repeat":"repeat","background-position":"center center","background-size":"auto","background-attachment":"scroll","background-type":"","background-media":"","overlay-type":"","overlay-color":"","overlay-opacity":"","overlay-gradient":""}},"ngg_post_thumbnail":0,"footnotes":""},"_links":{"self":[{"href":"https:\/\/ragnhildclodpedersen.dk\/index.php\/wp-json\/wp\/v2\/pages\/2083"}],"collection":[{"href":"https:\/\/ragnhildclodpedersen.dk\/index.php\/wp-json\/wp\/v2\/pages"}],"about":[{"href":"https:\/\/ragnhildclodpedersen.dk\/index.php\/wp-json\/wp\/v2\/types\/page"}],"author":[{"embeddable":true,"href":"https:\/\/ragnhildclodpedersen.dk\/index.php\/wp-json\/wp\/v2\/users\/1"}],"replies":[{"embeddable":true,"href":"https:\/\/ragnhildclodpedersen.dk\/index.php\/wp-json\/wp\/v2\/comments?post=2083"}],"version-history":[{"count":112,"href":"https:\/\/ragnhildclodpedersen.dk\/index.php\/wp-json\/wp\/v2\/pages\/2083\/revisions"}],"predecessor-version":[{"id":2785,"href":"https:\/\/ragnhildclodpedersen.dk\/index.php\/wp-json\/wp\/v2\/pages\/2083\/revisions\/2785"}],"wp:attachment":[{"href":"https:\/\/ragnhildclodpedersen.dk\/index.php\/wp-json\/wp\/v2\/media?parent=2083"}],"curies":[{"name":"wp","href":"https:\/\/api.w.org\/{rel}","templated":true}]}}