{"id":1710,"date":"2021-11-21T15:14:19","date_gmt":"2021-11-21T15:14:19","guid":{"rendered":"https:\/\/ragnhildclodpedersen.dk\/index.php\/about\/"},"modified":"2024-04-28T11:51:49","modified_gmt":"2024-04-28T11:51:49","slug":"about","status":"publish","type":"page","link":"https:\/\/ragnhildclodpedersen.dk\/index.php\/about\/","title":{"rendered":"About"},"content":{"rendered":"\t\t<div data-elementor-type=\"wp-page\" data-elementor-id=\"1710\" class=\"elementor elementor-1710\">\n\t\t\t\t<div class=\"elementor-element elementor-element-16eb9c1 e-flex e-con-boxed e-con e-parent\" data-id=\"16eb9c1\" data-element_type=\"container\">\n\t\t\t\t\t<div class=\"e-con-inner\">\n\t\t<div class=\"elementor-element elementor-element-a1d8f69 e-con-full e-flex e-con e-child\" data-id=\"a1d8f69\" data-element_type=\"container\">\n\t\t\t\t<div class=\"elementor-element elementor-element-0a73f0d elementor-widget__width-initial elementor-widget elementor-widget-image\" data-id=\"0a73f0d\" data-element_type=\"widget\" data-widget_type=\"image.default\">\n\t\t\t\t<div class=\"elementor-widget-container\">\n\t\t\t<style>\/*! elementor - v3.22.0 - 24-06-2024 *\/\n.elementor-widget-image{text-align:center}.elementor-widget-image a{display:inline-block}.elementor-widget-image a img[src$=\".svg\"]{width:48px}.elementor-widget-image img{vertical-align:middle;display:inline-block}<\/style>\t\t\t\t\t\t\t\t\t\t<img fetchpriority=\"high\" decoding=\"async\" width=\"768\" height=\"1024\" src=\"https:\/\/ragnhildclodpedersen.dk\/wp-content\/uploads\/2023\/09\/B2-kopi-3-768x1024.jpg\" class=\"attachment-medium_large size-medium_large wp-image-1911\" alt=\"\" srcset=\"https:\/\/ragnhildclodpedersen.dk\/wp-content\/uploads\/2023\/09\/B2-kopi-3-768x1024.jpg 768w, https:\/\/ragnhildclodpedersen.dk\/wp-content\/uploads\/2023\/09\/B2-kopi-3-225x300.jpg 225w, https:\/\/ragnhildclodpedersen.dk\/wp-content\/uploads\/2023\/09\/B2-kopi-3-1152x1536.jpg 1152w, https:\/\/ragnhildclodpedersen.dk\/wp-content\/uploads\/2023\/09\/B2-kopi-3-1536x2048.jpg 1536w, https:\/\/ragnhildclodpedersen.dk\/wp-content\/uploads\/2023\/09\/B2-kopi-3-scaled.jpg 1920w\" sizes=\"(max-width: 768px) 100vw, 768px\" \/>\t\t\t\t\t\t\t\t\t\t\t\t\t<\/div>\n\t\t\t\t<\/div>\n\t\t\t\t<\/div>\n\t\t<div class=\"elementor-element elementor-element-558547c e-con-full e-flex e-con e-child\" data-id=\"558547c\" data-element_type=\"container\">\n\t\t\t\t<div class=\"elementor-element elementor-element-f56dcaf elementor-widget__width-initial elementor-widget elementor-widget-text-editor\" data-id=\"f56dcaf\" data-element_type=\"widget\" data-widget_type=\"text-editor.default\">\n\t\t\t\t<div class=\"elementor-widget-container\">\n\t\t\t<style>\/*! elementor - v3.22.0 - 24-06-2024 *\/\n.elementor-widget-text-editor.elementor-drop-cap-view-stacked .elementor-drop-cap{background-color:#69727d;color:#fff}.elementor-widget-text-editor.elementor-drop-cap-view-framed .elementor-drop-cap{color:#69727d;border:3px solid;background-color:transparent}.elementor-widget-text-editor:not(.elementor-drop-cap-view-default) .elementor-drop-cap{margin-top:8px}.elementor-widget-text-editor:not(.elementor-drop-cap-view-default) .elementor-drop-cap-letter{width:1em;height:1em}.elementor-widget-text-editor .elementor-drop-cap{float:left;text-align:center;line-height:1;font-size:50px}.elementor-widget-text-editor .elementor-drop-cap-letter{display:inline-block}<\/style>\t\t\t\t<p><strong><em>Fort\u00e6llinger<\/em><\/strong><\/p><p>Historiefort\u00e6lling er for alle, og jeg sammens\u00e6tter mine historier s\u00e5dan, at de passer til jeres arrangement. Jeg fort\u00e6ller b\u00e5de mine egne historier og min version af sagn fra \u00e6ldre fort\u00e6lletraditioner. Det forunderlige ved historier er, at de kan v\u00e6re s\u00e5 forskellige. Nogle er skabt ud af hverdagen og det moderne liv. Andre tager os med ind i fantasiens rige. Og nogle rummer begge dele.\u00a0<\/p><p>\u00a0<\/p><p><strong><em>Historiefort\u00e6lling for voksne<\/em><\/strong><\/p><p>Man bliver aldrig for gammel til at h\u00f8re historier. Hele vores liv er \u00e9n stor historie, vi konstant fort\u00e6ller hinanden om. Historier kan b\u00e5de rumme underholdning og refleksioner over, hvordan vi mennesker og vores verden egentlig h\u00e6nger sammen.<\/p><p>\u00a0<\/p><p><strong><em>Historiefort\u00e6lling for b\u00f8rn<\/em><\/strong><\/p><p>Der er noget magisk over at blive trukket v\u00e6k fra virkeligheden og ind i fantasiens rige. Jeg elsker at drage afsted p\u00e5 den rejse sammen med b\u00f8rn, og har b\u00e5de erfaring med at g\u00f8re det som ren underholdning og som formidling af faglig viden.<\/p>\t\t\t\t\t\t<\/div>\n\t\t\t\t<\/div>\n\t\t\t\t<\/div>\n\t\t\t\t\t<\/div>\n\t\t\t\t<\/div>\n\t\t\t\t<\/div>\n\t\t","protected":false},"excerpt":{"rendered":"<p>Fort\u00e6llinger Historiefort\u00e6lling er for alle, og jeg sammens\u00e6tter mine historier s\u00e5dan, at de passer til jeres arrangement. Jeg fort\u00e6ller b\u00e5de mine egne historier og min version af sagn fra \u00e6ldre fort\u00e6lletraditioner. Det forunderlige ved historier er, at de kan v\u00e6re s\u00e5 forskellige. Nogle er skabt ud af hverdagen og det moderne liv. Andre tager os [&hellip;]<\/p>\n","protected":false},"author":1,"featured_media":0,"parent":0,"menu_order":0,"comment_status":"closed","ping_status":"closed","template":"","meta":{"site-sidebar-layout":"no-sidebar","site-content-layout":"page-builder","ast-site-content-layout":"default","site-content-style":"default","site-sidebar-style":"default","ast-global-header-display":"","ast-banner-title-visibility":"","ast-main-header-display":"","ast-hfb-above-header-display":"","ast-hfb-below-header-display":"","ast-hfb-mobile-header-display":"","site-post-title":"disabled","ast-breadcrumbs-content":"","ast-featured-img":"disabled","footer-sml-layout":"","theme-transparent-header-meta":"enabled","adv-header-id-meta":"","stick-header-meta":"","header-above-stick-meta":"","header-main-stick-meta":"","header-below-stick-meta":"","astra-migrate-meta-layouts":"default","ast-page-background-enabled":"default","ast-page-background-meta":{"desktop":{"background-color":"var(--ast-global-color-4)","background-image":"","background-repeat":"repeat","background-position":"center center","background-size":"auto","background-attachment":"scroll","background-type":"","background-media":"","overlay-type":"","overlay-color":"","overlay-opacity":"","overlay-gradient":""},"tablet":{"background-color":"","background-image":"","background-repeat":"repeat","background-position":"center center","background-size":"auto","background-attachment":"scroll","background-type":"","background-media":"","overlay-type":"","overlay-color":"","overlay-opacity":"","overlay-gradient":""},"mobile":{"background-color":"","background-image":"","background-repeat":"repeat","background-position":"center center","background-size":"auto","background-attachment":"scroll","background-type":"","background-media":"","overlay-type":"","overlay-color":"","overlay-opacity":"","overlay-gradient":""}},"ast-content-background-meta":{"desktop":{"background-color":"var(--ast-global-color-5)","background-image":"","background-repeat":"repeat","background-position":"center center","background-size":"auto","background-attachment":"scroll","background-type":"","background-media":"","overlay-type":"","overlay-color":"","overlay-opacity":"","overlay-gradient":""},"tablet":{"background-color":"var(--ast-global-color-5)","background-image":"","background-repeat":"repeat","background-position":"center center","background-size":"auto","background-attachment":"scroll","background-type":"","background-media":"","overlay-type":"","overlay-color":"","overlay-opacity":"","overlay-gradient":""},"mobile":{"background-color":"var(--ast-global-color-5)","background-image":"","background-repeat":"repeat","background-position":"center center","background-size":"auto","background-attachment":"scroll","background-type":"","background-media":"","overlay-type":"","overlay-color":"","overlay-opacity":"","overlay-gradient":""}},"ngg_post_thumbnail":0,"footnotes":""},"_links":{"self":[{"href":"https:\/\/ragnhildclodpedersen.dk\/index.php\/wp-json\/wp\/v2\/pages\/1710"}],"collection":[{"href":"https:\/\/ragnhildclodpedersen.dk\/index.php\/wp-json\/wp\/v2\/pages"}],"about":[{"href":"https:\/\/ragnhildclodpedersen.dk\/index.php\/wp-json\/wp\/v2\/types\/page"}],"author":[{"embeddable":true,"href":"https:\/\/ragnhildclodpedersen.dk\/index.php\/wp-json\/wp\/v2\/users\/1"}],"replies":[{"embeddable":true,"href":"https:\/\/ragnhildclodpedersen.dk\/index.php\/wp-json\/wp\/v2\/comments?post=1710"}],"version-history":[{"count":148,"href":"https:\/\/ragnhildclodpedersen.dk\/index.php\/wp-json\/wp\/v2\/pages\/1710\/revisions"}],"predecessor-version":[{"id":2595,"href":"https:\/\/ragnhildclodpedersen.dk\/index.php\/wp-json\/wp\/v2\/pages\/1710\/revisions\/2595"}],"wp:attachment":[{"href":"https:\/\/ragnhildclodpedersen.dk\/index.php\/wp-json\/wp\/v2\/media?parent=1710"}],"curies":[{"name":"wp","href":"https:\/\/api.w.org\/{rel}","templated":true}]}}